Give a(-8).
-4
Let f(k) = -k**3 + 5*k**2 - 4*k - 1. Determine f(3).
5
Let a(u) = u**3 + 32*u**2 - 33*u + 12. Determine a(-33).
12
Let d(a) = -a + 7. What is d(-3)?
10
Let l(m) = m + 15. What is l(-11)?
4
Let l(i) = 19*i + 63. Determine l(-3).
6
Let j(b) = -b - 3. Give j(-16).
13
Let h(u) = -30*u**3 + 2*u**2 - 5*u - 6. Calculate h(-1).
31
Let q(c) = c**3 + 5*c**2 + c + 7. What is q(-4)?
19
Let t(y) = y**3 - 12*y**2 - 15*y + 21. What is t(13)?
-5
Let t(v) = v + 51. Give t(-6).
45
Let f(b) = 2*b**2 + 2*b - 3. Determine f(-2).
1
Let u(s) = -s - 13. What is u(0)?
-13
Let d(n) = 2*n**3 + 55*n**2 - 85*n + 54. Determine d(-29).
-4
Let q(v) = -2*v - 8. What is q(-4)?
0
Let t(s) = -46*s**2 - 3*s - 1. Calculate t(-1).
-44
Let d(b) = 3*b**3 + 2*b**2 - 7*b - 2. Calculate d(-2).
-4
Let q(k) = 10*k + 5. What is q(-2)?
-15
Let k(v) = -7*v - 126. What is k(-18)?
0
Let l(t) = 44*t**2. Give l(-1).
44
Let f(g) = 2*g**2 + 127*g - 1065. What is f(-71)?
0
Let a(p) = -24*p + 7. What is a(3)?
-65
Let x(y) = y**2 - 3*y - 14. Give x(5).
-4
Let n(o) = o**3 + 2*o**2 - o + 15. Give n(0).
15
Let g(n) = -n**2 + 4*n + 6. Give g(-2).
-6
Let b(f) = f**3 - 12*f**2 + 11*f - 7. Determine b(11).
-7
Let r(t) = t**2 - 6*t + 4. Determine r(-5).
59
Let g(f) = -4*f - 12. What is g(1)?
-16
Let f(u) = -u + 3. What is f(-5)?
8
Let u(a) = -5*a**3 - a**2 + 2*a - 1. Determine u(1).
-5
Let z(t) = -11*t - 15. Calculate z(-10).
95
Let n(b) = -4*b - 24. Give n(-8).
8
Let v(m) = m**3 - 2*m**2 - m - 11. What is v(4)?
17
Let f(g) = 3*g**2 + 12. Determine f(6).
120
Let t(s) = -s**3 + 5*s**2 - 10. Give t(3).
8
Let b(i) = -24*i**2 - i. Give b(1).
-25
Let p(q) = -3*q**3 + 2*q**2 - 2*q. Give p(2).
-20
Let f(i) = -23*i + 140. What is f(5)?
25
Let k(z) = -10*z**3 + z**2 - z - 1. Determine k(1).
-11
Let h(b) = -b**2 - 12*b + 95. Determine h(-17).
10
Let m(b) = -3*b + 7. Give m(3).
-2
Let k(z) = z + 24. Calculate k(-14).
10
Let s(y) = y**2 - 8*y + 3. What is s(7)?
-4
Let n(z) = -z + 10. What is n(-33)?
43
Let s(h) = 2*h**2 + 7*h + 2. What is s(-4)?
6
Let q(d) = -d**3 + 14*d**2 - 2*d + 30. Give q(14).
2
Let c(j) = -j**2 - j - 3. Determine c(3).
-15
Let v(l) = -l**3 - 10*l**2 - 21*l + 6. Determine v(-5).
-14
Let i(n) = n**2 + n + 3. Calculate i(0).
3
Let p(c) = 17*c**2 + 3*c - 7. Determine p(2).
67
Let q(t) = 2*t**2 + 6*t - 6. Give q(-6).
30
Let n(z) = -2*z**2 - 3*z - 5. Give n(-4).
-25
Let f(o) = 6*o - 167. Determine f(27).
-5
Let k(h) = -2*h + 2. Determine k(-3).
8
Let z(n) = -n**3 - 4*n**2 + 9*n + 17. Determine z(-2).
-9
Let z(a) = -15*a + 216. Calculate z(13).
21
Let r(z) = -z**2 + 7*z - 97. What is r(0)?
-97
Let w(v) = -3*v - 33. Determine w(14).
-75
Let r(n) = n**2 + 3*n - 11. What is r(-5)?
-1
Let u(c) = 10*c + 6. Give u(4).
46
Let y(o) = -o**2 + 6*o - 6. What is y(3)?
3
Let f(y) = 2*y**2 + 94*y - 189. What is f(-49)?
7
Let m(s) = -9*s - 10. Calculate m(-8).
62
Let x(d) = -11*d**2 + 77*d - 10. Determine x(7).
-10
Let w(b) = -4*b - 22. What is w(-7)?
6
Let r(c) = c**3 + 39*c**2 - 38*c + 75. Determine r(-40).
-5
Let w(a) = -21*a - 4. Calculate w(-3).
59
Let x(w) = 4*w**2 + 17*w + 13. Determine x(-6).
55
Let j(a) = a - 34. Determine j(0).
-34
Let q(w) = w**3 - 5*w**2 - 4*w + 18. Calculate q(3).
-12
Let l(f) = -3*f**3 + 10*f**2 - 4*f + 2. What is l(4)?
-46
Let p(v) = 15*v**2 + 41*v - 40. Calculate p(1).
16
Let w(d) = -22*d - 134. What is w(-6)?
-2
Let v(r) = 36*r + 199. Calculate v(-6).
-17
Let d(j) = 6*j + 5. Determine d(-4).
-19
Let h(d) = 23*d**3 - d**2 - 2*d + 3. What is h(1)?
23
Let p(y) = 2*y**2 + 10*y - 5. Calculate p(-6).
7
Let w(r) = -2*r**3 + 8*r**2 - r + 5. Determine w(4).
1
Let t(v) = -11*v + 1. Determine t(6).
-65
Let n(g) = g + 48. What is n(16)?
64
Let p(q) = 18*q**2 + 3. Determine p(-2).
75
Let c(o) = -o**2 - 11*o - 26. Calculate c(-7).
2
Let w(l) = l**2 + 12*l + 26. Calculate w(-4).
-6
Let q(c) = -c - 7. Give q(8).
-15
Let r(i) = -3*i - 2. Give r(-4).
10
Let c(q) = -q**3 + 8*q**2 - 6*q - 7. Determine c(7).
0
Let k(h) = -h**3 - 11*h**2 + 12*h - 9. What is k(-12)?
-9
Let n(b) = -11*b**3 - b**2 + b + 2. What is n(-1)?
11
Let y(x) = -x**2 + x + 27. Determine y(5).
7
Let i(l) = -4*l - 12. Give i(9).
-48
Let q(o) = 36*o + 187. What is q(-5)?
7
Let s(l) = 7*l + 9. Calculate s(-8).
-47
Let r(l) = -l**3 + 14*l**2 + 15*l + 10. Determine r(15).
10
Let s(w) = 7*w + 158. Calculate s(-22).
4
Let r(j) = -j**3 + 6*j**2 + j - 13. Determine r(7).
-55
Let l(u) = 4*u + 1. Calculate l(1).
5
Let l(n) = 2*n**2 + 10*n + 13. Determine l(-3).
1
Let k(b) = -b + 4. What is k(12)?
-8
Let n(c) = 7*c**2 - 77*c + 14. Calculate n(11).
14
Let n(q) = 2*q**3 - 61*q**2 + 28*q + 70. Give n(30).
10
Let n(q) = q + 9. Determine n(-3).
6
Let u(o) = -o**2 + 10*o - 10. What is u(10)?
-10
Let r(i) = i**2 - 19*i + 54. Determine r(15).
-6
Let o(x) = -x**3 + 8*x**2 - 4*x + 9. Determine o(8).
-23
Let k(q) = 8*q**3 - q**2 - q + 1. Determine k(1).
7
Let t(p) = -p**2 - 4*p - 3. Calculate t(-8).
-35
Let u(o) = -o**2 - 13*o + 47. Calculate u(-14).
33
Let a(d) = -7*d + 22. Give a(4).
-6
Let y(x) = -8*x + 3. What is y(1)?
-5
Let p(s) = -s - 2. What is p(2)?
-4
Let p(z) = 87*z**2 + z - 1. Determine p(1).
87
Let u(n) = -3*n**2 - 21*n - 11. Calculate u(-11).
-143
Let c(b) = -12*b + 2. What is c(-2)?
26
Let p(d) = -d**3 - 7*d**2 - 6*d - 26. What is p(-7)?
16
Let d(a) = a**3 - 4*a**2 - 7*a + 4. Give d(5).
-6
Let z(f) = 6*f**2 + 17*f + 7. Determine z(-2).
-3
Let k(i) = i**2 + 26*i - 26. What is k(-27)?
1
Let s(z) = z**2 + 15*z + 46. Give s(-5).
-4
Let m(u) = u**2 + 17*u + 52. Determine m(-16).
36
Let b(z) = z**3 - z**2 - z. Give b(0).
0
Let o(a) = -2*a**2 + a + 32. Give o(0).
32
Let b(r) = 2*r - 8. Determine b(8).
8
Let f(c) = -c**3 - 4*c**2 - 2*c + 4. What is f(-4)?
12
Let x(y) = 6*y + 12. Give x(-7).
-30
Let i(s) = s - 26. What is i(7)?
-19
Let t(j) = 9*j - 4. What is t(4)?
32
Let l(g) = 5*g + 19. Give l(8).
59
Let d(g) = -g**3 + 7*g**2 + 3*g - 10. What is d(7)?
11
Let z(s) = s**2 + 4*s - 2. Determine z(-11).
75
Let w(t) = t**2 - t - 23. Determine w(7).
19
Let o(m) = 4*m - 58. Determine o(14).
-2
Let v(z) = 9*z**2 - 5*z - 4. Determine v(-3).
92
Let x(p) = -2*p**3 + 2*p**2 + 8. Determine x(-3).
80
Let p(g) = g - 1. Give p(-6).
-7
Let m(g) = -2*g**3 + 2*g**2 - g + 1. Give m(0).
1
Let f(x) = -9*x + 134. Determine f(14).
8
Let n(y) = 3*y**2 + 11*y - 30. Give n(-6).
12
Let j(c) = c - 16. What is j(0)?
-16
Let i(u) = -10*u**2 + 2*u - 3. What is i(1)?
-11
Let p(l) = 9*l - 41. Give p(4).
-5
Let d(w) = w**3 - 11*w**2 + 2. Determine d(11).
2
Let n(q) = -q**2 - 10*q - 8. Give n(-8).
8
Let o(b) = -2*b**3 + 3*b**2 - 2*b. Give o(1).
-1
Let a(p) = 2*p**2 - 20*p + 11. What is a(8)?
-21
Let s(i) = 2*i + 6. Calculate s(-4).
-2
Let x(b) = -b**3 + 7*b**2 - 3*b + 2. Determine x(6).
20
Let l(y) = -y**2 - 16*y + 3. Calculate l(-11).
58
Let l(q) = -7*q**3 + q**2 - q - 1. What is l(-1)?
8
Let a(j) = 2*j**3 - 34*j**2 + j - 31. Give a(17).
-14
Let x(o) = 14*o - 100. Calculate x(7).
-2
Let v(d) = d**3 + 3*d - 2. Give v(1).
2
Let p(b) = -b**2 + 3*b + 4. Calculate p(3).
4
Let z(w) = 2*w**2 + 12*w + 24. Calculate z(-4).
8
Let c(k) = 46*k**2 - k - 1. Determine c(-1).
46
Let z(i) = 2*i**3 + 2*i**2 - 4*i + 2. Calculate z(2).
18
Let c(p) = p - 21. Give c(13).
-8
Let a(b) = -2*b - 1. Give a(3).
-7
Let t(y) = -y**3 - 20*y**2 + 19*y - 42. Determine t(-21).
0
Let g(f) = -f**3 - 3*f**2 + 7*f - 12. What is g(3)?
-45
Let s(c) = c - 29. What is s(19)?
-10
Let x(a) = a**2 - 19*a + 57. Determine x(11).
-31
Let c(g) = g**3 + 4*g**2 - 6*g - 3. Give c(-6).
-39
Let q(o) = o**3 - 6*o**2 - 14*o + 9. Calculate q(8).
25
Let p(h) = -55*h + 159. What is p(3)?
-6
Let h(m) = 8*m - 2. Determine h(1).
6
Let i(h) = h**3 + 8*h**2 + 10*h + 4. Determine i(-7).
-17
Let a(b) = 4*b**3 + 2*b**2 - b + 1. What is a(-2)?
-21
Let q(o) = -8*o - 6. Give q(0).
-6
Let p(b) = -15*b + 26. What is p(6)?
-64
Let w(d) = -31*d**3 + d**2 - d - 2. What is w(-1)?
31
Let d(b) = b + 50. What is d(-28)?
22
Let v(n) = n + 1. Determine v(9).
10
Let a(p) = -81*p + 35. What is a(2)?
-127
Let y(v) = -4*v + 38. Calculate y(12).
-10
Let f(d) = d**3 + 3*d**2 - 4*d - 1. Give f(-3).
11
Let g(a) = -10*a + 24. What is g(-3)?
54
Let j(o) = -o - 8. Calculate j(-10).
2
Let f(g) = -g**3 - 9*g**2 + 21*g - 16. Calculate f(-11).
-5
Let b(g) = g**3 